7, 23
Let p(y) = 55*y + 44*y + 4*y**2 - 18 - 89*y. Let c be p(-13). Suppose -5*v = 3*v - c. What are the prime factors of v?
2, 3, 11
Suppose -12*o - 19*o + 25324 = -5*o. What are the prime factors of o?
2, 487
Let f be 69/12 + 12/(-16). Let b = -146 - -206. Suppose 0 = -f*m + 280 - b. What are the prime factors of m?
2, 11
Suppose -29*f + 6178536 = 217*f. What are the prime factors of f?
2, 3, 7, 13, 23
Suppose -9610 - 8964 = -2*t - h, 3*t + 2*h - 27860 = 0. List the prime factors of t.
2, 3, 43
List the prime factors of 4/84*14 - ((-5762)/6 + -1).
2, 13, 37
Let a(r) be the first derivative of 32*r**3/3 - 7*r**2 + 20*r + 97. List the prime factors of a(4).
2, 7, 17
Let l = 103851 - 70930. List the prime factors of l.
7, 4703
Let p be 12/30 + 7/(-5). Let g be (12*-1 - 0)/p. Suppose 3*v - 18 = g. List the prime factors of v.
2, 5
Let l(n) = 48*n**3 - 15*n**2 + 43*n + 259. What are the prime factors of l(11)?
3, 5, 53, 79
Let r(n) = 2*n**2 - 347*n + 68. List the prime factors of r(-40).
2, 3, 1429
Let j be 17 + -16 - 1*1*-6. Let y(p) = 30*p**2 + 30*p - 17. List the prime factors of y(j).
1663
Suppose 2*i + 104 = -2*o, i + 4*i - 5*o + 280 = 0. Let j = i + 78. Suppose j*w + 80 = 29*w. What are the prime factors of w?
2
Let p(k) = 83*k**2 + 46*k + 45. What are the prime factors of p(-9)?
2, 3, 353
Let g(j) = j**2 + 18*j - 66. Let p be g(-21). What are the prime factors of 24402/57 + (-4)/38 + p?
5, 17
Let z = 14 + 2. Suppose 5*v - 27027 = -z*v. List the prime factors of v.
3, 11, 13
Let x(p) = -p**3 + 45*p**2 + 53*p + 260. What are the prime factors of x(43)?
3, 7, 11
Let d(y) = 5*y**2 + 15*y + 20. Let k = 23 - 28. Let w be d(k). Let h = w + 13. List the prime factors of h.
83
Suppose 4*n = -3*l - 37, 2*l = -0*l - 5*n - 34. Let g = 79 + -24. Let m = g + l. List the prime factors of m.
2, 3
What are the prime factors of -85*(-12 + -22 + 5*1)?
5, 17, 29
Let g(p) = -p**2 - 29*p**3 + 0*p**2 - 28*p**3 - 54 - 34*p**3 + 90*p**3 + 21*p. What are the prime factors of g(-11)?
5, 37
Let t = 10 + -17. Suppose -202*z = -214*z + 2988. List the prime factors of 18/42 - z/t.
2, 3
Let d be 1 + -1 + (16 - (-4)/(-4)). Let c = -86 + d. Let k = c + 197. List the prime factors of k.
2, 3, 7
What are the prime factors of -2 - -11 - (-33344 + 101)?
2, 3, 17, 163
Let b be (-9)/3 + (1 + 60)*15. What are the prime factors of b/95*150/4?
2, 3, 5
Let p be (-15873)/(-6) - ((-18)/4 - -3). Suppose p + 461 = 7*d. List the prime factors of d.
2, 3, 37
Suppose 4 = -438*s + 439*s. Suppose 17 = -0*n + 4*n + 5*p, 0 = s*n - 3*p - 41. List the prime factors of n.
2
Suppose -11*d = -43 + 10. Suppose 0 = 3*i, 0 = -d*z - 5*i + 2*i - 387. Let q = z - -195. List the prime factors of q.
2, 3, 11
Suppose c - 3*n - 44 = -4*n, -2*c + 84 = 3*n. Let y(u) = u**3 + 10*u**2 - 4*u - 73. Let k be y(-7). Let i = k - c. What are the prime factors of i?
2, 3
Suppose -6*b + 65*b = -11*b + 2090620. What are the prime factors of b?
2, 109, 137
Suppose -9*j - 2*j + 22 = 0. Let d(a) = 12 - j*a**2 + 0*a**2 + 0 + 4*a**2 + 11*a. List the prime factors of d(-6).
2, 3
Let l(g) = 4*g - 12. Let q be l(4). What are the prime factors of 4 - (-4)/q*(6 + 499)?
509
List the prime factors of 0 + (-8 - -9) - 3*1 - -22065.
22063
Suppose 0 = 2*w - 2, 4*c + 4*w - 464 = -24. Suppose -119*g + 12010 = -c*g. List the prime factors of g.
1201
Let j(v) be the first derivative of 9*v**2 - 266*v - 258. List the prime factors of j(26).
2, 101
Let i be 56/(-12)*-6 + -1. Let o = -25 + i. List the prime factors of ((-3864)/105)/(o/(-5)).
2, 23
Let r = 121 - 112. Let a be 15/(-9)*(-351)/r. Let q = 78 + a. List the prime factors of q.
11, 13
Suppose 0 = -g - 11*g + 7536. Let q = g - 214. What are the prime factors of q?
2, 3, 23
Let m(y) = 3*y**2 + 5*y. Let x = 26 - 25. Let q be (x + 1)/((-1)/3). List the prime factors of m(q).
2, 3, 13
Let s(o) = -o**3 + 6*o**2 - 6*o + 38. Let g be s(5). What are the prime factors of 6/g + 23410/110?
3, 71
Let y(x) = -634*x - 221. What are the prime factors of y(-12)?
83, 89
Suppose -2*g = 3*w - 27228, 0 = -11*w + 10*w + 4. What are the prime factors of g?
2, 3, 7
Let f(v) = -282*v + 10845. List the prime factors of f(-65).
3, 5, 389
Let d(b) = -b**2 + 7*b - 11. Let q be d(4). List the prime factors of 25 + q*0/3.
5
Suppose -6*s - 11*s = -3*s. Suppose -3*f + 8 + 7 = s. Let u(y) = 28*y - 4. What are the prime factors of u(f)?
2, 17
Let b = 272 - 257. Suppose b*m + 94 = 16*m. List the prime factors of m.
2, 47
Let l = -28607 + 54466. What are the prime factors of l?
19, 1361
Suppose -3*s + 12 = -0*s. Let d(t) = -184*t + 5*t**2 + 4 + 359*t - 178*t. What are the prime factors of d(s)?
2, 3
Let r = -248 + 254. Suppose 579 - 75 = r*x. What are the prime factors of x?
2, 3, 7
Suppose n = 2*n - 5. Suppose -17 = -n*k + 183. What are the prime factors of (4 + k/(-12))*54?
2, 3
Suppose p - 4*i = 6, i - 3*i = 2*p - 2. Let g = -1308 - -1311. Suppose 0 = g*a - p*u - 49, 3*u - 54 = -2*a - a. What are the prime factors of a?
17
Suppose 21*w - 160 = 16*w. Suppose w*q - 7708 = 28324. What are the prime factors of q?
2, 563
Suppose 22684 + 66132 = 61*g. Let k = 3319 - g. What are the prime factors of k?
3, 23
Let r be (-1)/2*70/(8 + -1). List the prime factors of 10/(r + 7) + -10 - -1393.
2, 347
Let r be (5/(-10)*0)/1. Let f be (0 + 0)/(-1) + r. Suppose 5*t - 3*g = -51 + 176, -2*g - 10 = f. List the prime factors of t.
2, 11
Suppose 9*t - 3*n = 8*t + 7, -2*t = 3*n - 5. Suppose t*s = 6*s - 18. List the prime factors of s.
3
Let a be (1*-1)/(42/(-20370)). Let z = 728 + a. List the prime factors of z.
1213
Suppose 9*h - 18 = 3*h. Let r(b) = 5*b**2 - 3*b + 14. What are the prime factors of r(h)?
2, 5
Let g(q) = -q**3 - 2*q**2 - 29*q + 14484. What are the prime factors of g(0)?
2, 3, 17, 71
Let f be (4 + -9)*(-27)/15. Suppose -727 = -4*z + h, -2*z - 4*h - 45 + 395 = 0. Suppose -z = f*w - 1549. List the prime factors of w.
2, 19
Suppose 21*q = 12*q - 6219. Let j = 1152 + q. What are the prime factors of j?
461
Let p = -157 - -302. Suppose -3*r + 1042 - p = 3*a, 0 = 2*r - 4*a - 574. What are the prime factors of r?
5, 59
Let s = 64 + -64. Suppose -5*g - 111 + 951 = s. Let d = g + -24. List the prime factors of d.
2, 3
Suppose 26*f = -181 - 53. What are the prime factors of (f + 10 + 2075)*2/4?
2, 3, 173
Let v be (-22 - -16) + (8 - 0). Suppose v*a = 5*b - 2133, 2*a + 185 = 2*b - 673. List the prime factors of b.
5, 17
Suppose -24*i + 22*i - 3*f + 83428 = 0, 3*i - 125143 = -5*f. List the prime factors of i.
53, 787
Let x(a) = a**3 - a**2 - a + 14. Let f be x(0). Suppose 7*v + 2072 = f*v. List the prime factors of v.
2, 37
Suppose -2*n + 3 = -15. Suppose 5*y = n*y - 144. Suppose 3*u - y = b + b, -5*b + 29 = u. What are the prime factors of u?
2, 7
Suppose 0 = -2*z - 10 + 4, 259724 = 5*y - 3*z. List the prime factors of y.
127, 409
Let k = 77 + -75. Suppose -n = -k*n + 725. Suppose 2*t + 3*t - n = 0. What are the prime factors of t?
5, 29
Let c(q) = 78*q**2 + 6*q - 13. Let o(y) = -35*y - 137. Let d be o(-4). List the prime factors of c(d).
7, 101
Let j(y) = -y**2 - y + 200. Let q be (1/(-4)*0)/(-2 + 4). List the prime factors of j(q).
2, 5
Let l = -20315 + 39014. What are the prime factors of l?
3, 23, 271
Let a = -195 - -200. Let i(p) = 7*p**3 - 8*p**2 - 4*p + 43. What are the prime factors of i(a)?
2, 349
List the prime factors of (-7)/((22/(-3790))/11).
5, 7, 379
Suppose -5*s - 28 + 43 = 0. Suppose 2*o - 3*a + 2 = 0, -s*o = -0*o - 5*a + 3. List the prime factors of 0 - (5 + o)*(-52)/16.
13
Let q = -5130 - -45952. List the prime factors of q.
2, 20411
Let s be 1*12*(-7 - -106). Suppose -13*c + 17*c = s. What are the prime factors of c?
3, 11
Let q be -1*(1 + 1) + (5 - 3). Suppose -2*z + i = -0*z - 877, -z - 2*i + 431 = q. List the prime factors of z.
19, 23
Let d(t) = -t**2 - 25*t - 92. Let h be d(-6). What are the prime factors of h*(-2)/6*3723/(-34)?
11, 73
Let o be ((-9)/6)/((-2)/(-4) - 1). Suppose o*g - 7*g = -732. What are the prime factors of (g/2)/((-6)/(-8))?
2, 61
Let o = 14 + 7. Suppose 4*u - 14*u = 0. Let t = o - u. What are the prime factors of t?
3, 7
Let w be 3/(-4)*(-183 - 5). Suppose w - 791 = -2*k. Suppose k = 2*z + 5*o, z + z - 319 = o. What are the prime factors of z?
2, 5
Let k = 33384 - 23620. List the prime 